 Let v be -2*1/4*2. Let m(g) = v*x(g) + 3*d(g). Determine m(4).
2
Let k(u) = -2*u + 2*u**2 + 4*u + 2 - u**2 + 6*u. Let w be (-3 - (7 - 3)) + 3. Give k(w).
-14
Let k be 5/(-10)*0/2. Suppose k = g + x - 13 - 2, 0 = g - 4*x - 5. Let m(b) = 1 + 7*b + g*b - 10*b. Determine m(-1).
-9
Let d = 2 - 1. Suppose -3*u = -4*u + d. Let g = u - 1. Let m(a) = -a + 4. What is m(g)?
4
Let w(x) = x - 7. Let p(c) = -2*c - 2*c + 5*c. Suppose -10 = -3*o + 2*y + 3*y, -2*y = -o + 3. Let u be p(o). What is w(u)?
-2
Let z(o) be the third derivative of o**4/24 - 50*o**2. Calculate z(0).
0
Let y(x) = x**2 - 8*x + 7. Let h be ((-12)/20)/((-2)/20). Determine y(h).
-5
Let k(v) = -v**3 - 7*v**2 - 5*v + 2. Let m(d) = -d**3 - 8*d**2 - 6*d + 2. Let w(n) = 4*k(n) - 3*m(n). What is w(-3)?
-1
Let a(d) = d - 2. Suppose -2*u + u = 4. Give a(u).
-6
Let q(c) be the second derivative of -c**4/4 - c**2/2 + c. Suppose -4*d - 7 = -6*d + 3*j, 0 = 5*d + 4*j + 40. Let n = d + 5. Give q(n).
-4
Let q(i) be the first derivative of i**4/4 - i**3/3 - 3*i**2/2 + i - 53. What is q(3)?
10
Let s(f) = -5 - 3*f + f**2 + 0*f**2 - 3*f - f. Calculate s(6).
-11
Let x(j) = j. Let a(o) = -20*o - 18. Let i(t) = 8*t + 7. Let f(z) = -5*a(z) - 12*i(z). Let l(k) = -f(k) + 6*x(k). Let p = 6 + 0. Calculate l(p).
6
Let p(a) = -a. Let i(l) = -3*l**2 - 23*l + 9. Let n be i(-8). Give p(n).
-1
Let x = 11 + -8. Suppose 5*o = -15, 0 = -t + x*t - 3*o - 23. Let d(q) = -q + t*q + 1 - 2 - 1. Give d(2).
10
Let r(w) = 8 - 22 + 2*w + 2*w**2 + 8 + 10 - w**3. Calculate r(3).
1
Let d be 2/(-1)*(1 + 0). Let b(t) = 3*t**3 - 4*t**3 - 3*t - 2 - t**2 + t + 0*t**2. Calculate b(d).
6
Let y(j) = j - 5. Suppose 6*d = 12*d + 30. Calculate y(d).
-10
Let n(k) = -k - 1. Let u be n(-5). Let p(h) = -3*h - h + h + u. Determine p(-3).
13
Let q(h) = 7*h**2 - 3*h + 2. Let i(d) = 8*d**2 - 4*d + 3. Let y(j) = 2*i(j) - 3*q(j). Let l be (1/(2 - 3))/(2 + -1). Determine y(l).
-6
Let y(n) = n**3 - 3*n**2 - 3*n + 6. Let h be 4/(-6)*9/(-2). Let i be y(h). Let p(x) be the third derivative of -x**5/60 - x**4/12 - x**3/6 + x**2. What is p(i)?
-4
Let m(l) = l**2 + 2. Let j be m(-2). Let r(c) = -2*c**2 + 8*c + 4. What is r(j)?
-20
Suppose -2*r - 10 = -4*d, -4*d + 7 = -r - 0*d. Let h(j) = j**2 + 2*j + 4. Determine h(r).
7
Let a(x) = x**3 + 5*x**2 + 4*x - 4. Let m(o) = -o**3 + 12*o**2 - 11*o - 4. Let y be m(11). Calculate a(y).
-4
Suppose -20 = 3*u + 5*q, 5*u - 16 = 2*u + 4*q. Let z(f) = f - f - f - 2. What is z(u)?
-2
Let j be ((-21)/9)/((-2)/(-6)). Let v = j + 13. Let b(o) = 0*o - 7*o + o**2 + 0*o - o + v. What is b(5)?
-9
Let d(y) be the second derivative of y**3/6 + 4*y**2 + 6*y. What is d(-6)?
2
Let t(f) = 8*f**2 - f + 1. Let p(y) = -23*y**2 + 3*y - 3. Let w(i) = -6*p(i) - 17*t(i). Give w(2).
7
Let o(g) = 3*g - 1 - 5*g + 5*g. Calculate o(2).
5
Let h(p) = 4*p. Suppose 4*g - 23 = -27. What is h(g)?
-4
Suppose -42 = -5*o - 2. Let q(r) = 6 + 45*r - 82*r + 36*r. Let u be q(o). Let t(d) = d**2 + 3*d + 2. What is t(u)?
0
Let l(q) be the first derivative of q**4/12 + q**3/6 - q**2 + 7*q - 6. Let b(g) be the first derivative of l(g). Calculate b(0).
-2
Suppose -2*x - 4 = 0, x + 13 = 4*a - 5. Let m = a + -7. Let g(o) = -o**3 - 2*o**2 + o - 4. Give g(m).
2
Let u(b) = b**3 - 2*b**2 - 4*b + 2. Let z be 2/(-1 - (-10)/6). Suppose -15 = -3*i - z*y + y, i - 9 = -2*y. What is u(i)?
-1
Let v(p) be the third derivative of p**6/120 + 3*p**5/20 + 3*p**4/8 + 5*p**3/3 + 3*p**2. Determine v(-8).
2
Let m(l) = l + 5*l - 10 - 7*l. What is m(-8)?
-2
Let p be 6/2 + (-6 - -6). Suppose 4 = p*c - 5*c. Let f(t) = -2*t - 1. What is f(c)?
3
Let d(z) = -7*z**2 + 1. Suppose 3*g - 18 = 21. Suppose 3*w - 6*q + g = -q, 3*q = 4*w + 10. Calculate d(w).
-6
Let j(s) = s + 5. Let v = 3 + 0. Suppose 2*i + 8 = 3*a, -3*i - 15 = -v. Calculate j(a).
5
Let t(b) = -b**2 - 4*b. Let y(l) = -l - 6. Let w be y(-8). Suppose w*d + r = 5*r - 24, 2*r - 28 = 5*d. Calculate t(d).
0
Let w(t) = 2*t + 4 + 3*t**2 - 2*t**2 - 2 + 2. Determine w(-3).
7
Let t = 23 + -13. Let v(r) = -7*r**2 + 2*r + t + 4 - 15. Give v(1).
-6
Let c(a) = -6*a**2 + 3*a - 1. Let t(u) = u**2 - u. Let z(h) = c(h) + 5*t(h). Determine z(3).
-16
Let s be -3 + 1 + (9 - 2). Let h(q) = -q**2 + 7*q - 2. Determine h(s).
8
Let r(s) be the first derivative of -s**2/2 + 2*s - 1. Let p be 2/(-1) + -2 + 4. Determine r(p).
2
Suppose 2*z - 10 = 3*j - 0, -2*z = -4*j - 10. Let k(a) be the first derivative of -a**4/4 + a**2/2 + 6. Give k(j).
0
Let l(o) = -o + 13. Let p be (-2)/4 + (-34)/(-4). Suppose 5*g = -3*z - 12, -3*g + g + p = -2*z. Calculate l(g).
13
Let m be -3 - (-3)/(3/7). Suppose 3 = 5*k - m*k. Let w(f) = -2*f**2 + k + 4 - 1 - 3 - 2*f. Give w(-3).
-9
Let d(a) = 2*a**2 - 2*a - 1. Suppose c - 4*c + 6 = 0. Calculate d(c).
3
Let l(n) = -n + 8. Let i be l(4). Suppose 5*c - 6 - 2 = -4*m, -4*c = -4*m - 28. Suppose c*z + 0 = -i. Let f(g) = 5*g**2 + g. Give f(z).
4
Let i(l) = l**3 + 9*l**2 - 2*l - 12. Suppose -4*s + 11*s + 63 = 0. Give i(s).
6
Let s(z) = 15*z**2 - z + 12. Let i(t) = -7*t**2 + t - 6. Let j(m) = 13*i(m) + 6*s(m). What is j(6)?
0
Suppose f + 4 = 13. Let x = 6 - f. Let c(q) = q**2 + 2*q - 2. Calculate c(x).
1
Suppose 577 = -5*f + 547. Let x(p) = -p**2. Let s(k) = -8*k - 7. Let c(w) = s(w) + x(w). What is c(f)?
5
Let q(y) be the first derivative of -2*y**3/3 + 2*y**2 + y + 31. What is q(3)?
-5
Let h(x) = 14*x**3 + 1 + 10*x**2 + 8*x**2 + 3 + 4*x. Let o(r) = -5*r**3 - 6*r**2 - r - 1. Let u(v) = 4*h(v) + 11*o(v). Let i = -67 - -62. Determine u(i).
5
Let p be 6/4 - (-3 - (-5)/2). Let i(f) be the second derivative of -f**5/20 + f**4/6 - f**3/3 + f**2/2 - f. What is i(p)?
-3
Let g(s) = 6*s. Let z(b) = -b - 1. Let u(q) = -2*g(q) - 2*z(q). Determine u(2).
-18
Let i be (-31)/(-3) - (-2)/3. Suppose i = 5*m - 9. Let a(z) = 0*z**3 - 5 + z**3 + 0*z**3 - 5*z**2 + 5*z. Give a(m).
-1
Let h(s) = -s + 3. Let q be h(3). Let l(t) = t**3 - t**2 + t. Give l(q).
0
Let b(t) = -t - 3*t - t**2 - 5*t + 11 + t. Give b(-8).
11
Let p(s) = -1. Let j(b) = -b - 3. Let c = 0 - 1. Let u(q) = c*j(q) + 2*p(q). What is u(3)?
4
Let q be 69/(-2)*4/(-3). Let p = 58 + -37. Let r be q/14 - 6/p. Let n(y) = -y**3 + y**2 + 2*y + 4. What is n(r)?
-8
Let l(u) = 4*u**2 + 7*u - 1. Let m(k) be the first derivative of k**2/2 + 2. Suppose 5*h = 3*b - 30, -4*h = 7*b - 5*b + 24. Let j(g) = h*m(g) + l(g). Give j(1).
4
Let a = 3 - 6. Let v(f) = -f - 3. Let n be v(a). Suppose n = 5*d - 0*d. Let s(h) = -h - 8. Determine s(d).
-8
Let k be 4/(-12) - (-37)/3. Suppose 0*i = -4*i + k. Let c(t) = t + 1. Give c(i).
4
Let b(m) = m**2 - 4*m - 2. Let l = 3 + 2. Let y be b(l). Let z(u) = 2*u. Determine z(y).
6
Let l(p) = -5*p**3 + 7*p**2 + 2*p + 4. Let z(s) = -4*s**3 + 6*s**2 + s + 3. Let t(k) = 5*l(k) - 6*z(k). Let u(d) = d + 3. Let i be u(-6). What is t(i)?
8
Let h(x) be the third derivative of -x**4/12 - 13*x**3/6 + 21*x**2. What is h(-9)?
5
Let q(a) be the third derivative of -1/8*a**4 + 0 + 0*a - 1/2*a**3 - 4*a**2 + 1/40*a**5 - 1/360*a**6. Let i(u) be the first derivative of q(u). Determine i(3).
-3
Let v(u) = u + 8. Suppose 0 = -5*p + 3*o - o - 21, 3*p = o - 13. Let d = p - -5. Determine v(d).
8
Let y(m) = m - 4. Suppose -8*i + 46 + 2 = 0. Calculate y(i).
2
Let u(b) = b**3 - 5*b**2 + 2*b - 6. Let q be u(5). Let s(a) = -7*a - 7. Let o(t) = -20*t - 20. Let g(p) = 6*o(p) - 17*s(p). Calculate g(q).
-5
Let y be 6/(-9)*(-9)/2. Let z(c) = c + 2 + c**y - c**2 - c**2 - 3*c**2. Determine z(5).
7
Let o(u) = -u + 3. Suppose -7 = -5*m + 4*m. What is o(m)?
-4
Let j(c) = -c + 10. Let d be j(6). Let v(a) = a - 4. What is v(d)?
0
Let w be (14 - -5)*(3 - 4). Let t = w + 24. Let k(h) = h**2 - 5*h + 6. Give k(t).
6
Let p(i) = -1 - 6*i + 0 + 0. What is p(1)?
-7
Suppose 5 = 5*y + 10. Let q(p) = -10*p**3 + p. What is q(y)?
9
Let z(w) = -w**2 - 17*w + 60. Let g be z(-20). Let h(u) = u**2 + u - 4. Determine h(g).
-4
Let a(i) = -i**2 + i - 14. Suppose 0 = -2*x + x - x. What is a(x)?
-14
Let n(b) = -b**2 + 2*b**2 - 3*b**2 - b**2 - 1. Give n(1).
-4
Let s(a) = a**2 - 1 - 1 - 50*a + 57*a. Let n(f) = -f**3 - 5*f**2 - 3*f + 3. Let j be n(-3). Let l be -2*(-2)/j*9. Determine s(l).
-8
Let w(i) be the third derivative of -i**2 + 0*i + 7/6*i**3 + 0 - 1/24*i**4. Calculate w(5).
2
Let w(m) be the third derivative of -m**4/24 - 5*m**3/6 - 4*m**2. Calculate 